2 - (4 + 7 + 88)
-74
-130 + (27 + 17 - 21) + -9 + 0
-116
What is -44 - ((19 - 0) + (-582 - -541))?
-22
Evaluate -3 - 4 - 1 - (26 - 27 - (-6 - 0)).
-13
What is 3 - (-54 - (-17 + (5 + -11 - 5 - -23)))?
52
Calculate (-59 + 147 - 53) + -40.
-5
-39 - (5 - 9) - (-41 - (-68 + 41))
-21
Evaluate 43 + (-12 - -39 - -33) - 40.
63
Calculate -59 + (4 - -26) + -31 - -30.
-30
Evaluate 2 + -4 + (15 + -18 + 2 - 71).
-74
What is the value of -1 - 62 - ((25 - 55) + 16)?
-49
What is -9 - ((-70 - 13) + 16) - -5?
63
Evaluate 19 - (-81 - -80) - 1.
19
Calculate 19 + -8 + -16 - 0.
-5
145 + -9 + (-23 - (-29 - -34))
108
What is -15 - (-32 + 32) - ((-19 - 117) + (-3 - 4))?
128
What is the value of (1 - (0 + 0)) + (570 - 608)?
-37
1 + (-3 - 1) - (149 - 171)
19
What is (-1 + 0 - -23) + (103 - (-51 - -160))?
16
What is the value of (99 - 327 - -212) + (-113 - -1) + 2?
-126
1 + 0 + 12 - (-308 + 308)
13
What is 103 - (-144 - -177) - (9 - (3 - 2))?
62
What is ((1 - 3) + 81 + -84 - (5 + -7)) + -56?
-59
Calculate (-4 - 0) + (-15 - 33) + -19 + 56.
-15
What is the value of (8 + (-16 - -13) - 8) + (1 + -6 - -2)?
-6
What is 122 + (136 + -116 - 57)?
85
Calculate -58 - -86 - (15 + -31).
44
(-15 + -1 - (140 + -169)) + -34
-21
72 + (8 - 6) + -13 - 11
50
Evaluate (-4 - 24) + 747 + -685.
34
What is 0 + 32 - (-37 + -28 - -88)?
9
Evaluate -309 + 136 + 89 + 132.
48
(-4 + -2 + (-1 - 5) - -10) + 50
48
What is the value of -13 - (-2 - (39 - (18 - 34)) - -21)?
23
Calculate 16 - (71 + (-12 - (-9 - -13 - 4))).
-43
What is 66 + (-57 + 64 - (-5 - 9))?
87
What is the value of 11 + 61 + -97 + 40?
15
Calculate 99 + (75 - 115) + -98.
-39
Evaluate -4 + 1 + -3 + 5 + -8 - 10 - 9.
-28
Evaluate -7 - (4 - (-7 - (-13 - 11))).
6
What is the value of 1 + -56 + (18 - (21 - 25))?
-33
What is the value of -21 + 13 - (668 + -616)?
-60
(19 - 0) + (-340 - -276) + -3
-48
Calculate (46 + -23 - 11) + 0 - (17 - 2).
-3
What is (97 + -24 - 44) + (24 - 3) + -4?
46
What is the value of 154 - 101 - (36 - 30)?
47
Evaluate 22 + -17 - 30 - (-1 + -8).
-16
Evaluate 33 - (131 + 65 + -105).
-58
Calculate (-1 - 3 - -6) + (1 - -8 - 0) - 100.
-89
Calculate 29 + -48 + 53 + -13 - -3.
24
What is the value of -34 - (-3 - (5 - ((9 - 3) + 5)))?
-37
Evaluate (-34544 - -34514) + (-1 - -1) + 5.
-25
What is 30 + (-29 - (5 + -35) - -29)?
60
What is the value of 13 + -18 + (-16 - -7) + 41?
27
What is -246 + 370 + -4 + -45 + (1 - 1)?
75
3 + 21 + 7 + -80 - (0 - 11)
-38
Evaluate -28 - (-13 + 17 - (8 + -7 + 7)).
-24
What is the value of -5 + -3 - (39 + -14 + -12) - (-1 + 9)?
-29
What is the value of (32 + -25 - -43) + -71?
-21
What is -3 - ((18 - 104) + (14 - 23) + -1)?
93
Calculate 39 - (18 + 11 + (-11 - -2 - 9)).
28
What is (4139 - 4061) + 0 + -18?
60
Evaluate -125 - -2 - (8 + (-19 - (-6 - -2)) + 15).
-131
Calculate -80 + (29 - (102 - 93)).
-60
What is -106 - (-61 - -10) - (-31 - 2)?
-22
Calculate -51 + 14 + 34 + -36.
-39
What is the value of (-11 + -1 - (519 - 519) - -26) + 33?
47
What is the value of ((-6 - -6) + -15 - (3 + 39)) + 2 - 13?
-68
What is (-2 - -10) + -133 + 142 + -10?
7
Calculate 537 + -706 + 18 + 131.
-20
Calculate -40 + -9 + (5 - (4 - 19) - 16).
-45
Calculate (-1 - (6 + (-15 - -9) - -11)) + 38.
26
What is 10 + (13 - 3) + -11 - -17?
26
-10 - ((28 - (7 - -14)) + (-2 - -5) + -24)
4
Evaluate 173 - (294 - 124) - (-2 + -5 + 1).
9
What is 47 - (-27 + (22 - 2))?
54
What is the value of -127 - (-4 - (-3 + 33))?
-93
What is the value of 3 + 0 + (-52 - (-10 + 18 - 45))?
-12
Calculate -60 - -1 - -31 - -99.
71
Evaluate -113 + (-2 + -44 - -148).
-11
Evaluate 11 + (3 - -89 - (76 + -62)).
89
19 + (14 - (20 + -15)) + (-13 - 3)
12
Calculate (6 - -11 - 34) + 24 + -40.
-33
Evaluate -164 + 171 + (-60 - (-2 - -14 - 6)) + -1.
-60
What is 1 - ((-227 + 213 - (0 + 0 + -7)) + -15)?
23
Calculate -62 - -19 - (708 + -886).
135
What is -8 - -1 - ((17 - (24 + -1)) + 26)?
-27
What is the value of 14 + -59 + (-126 - -94)?
-77
(-2 + 9 - -17) + (1 - 11)
14
Calculate -4 + 9 + -17 + 16 - (0 + 5).
-1
What is the value of -16 + (21 - 52) + 6 - 1?
-42
(28 - -19) + -45 + -18
-16
What is -21 + 53 + 15 + 11 + -2?
56
What is 3 + 18 - 1 - (-49 + (-17 - -43))?
43
What is the value of (242 - 237) + 1 + (-15 - 0)?
-9
Evaluate -1 + 145 + (4332 - 4353).
123
What is the value of -15 + (-9 - -1 - (10 - (26 - (-1 - -113))))?
-119
Evaluate -78 - (-27 + 30 + 2 - (21 + 0)).
-62
Calculate (9 - 5) + -25 + -7 - -15 - -20.
7
Calculate (-1 - (-4 + 1) - 6) + (-747 - -701).
-50
Calculate -29 + 17 + ((18 - 24) + 95 - 0).
77
Calculate -12 - (10 + 11 + -19 + 24).
-38
-16 + (33 - (5 + 13) - 21)
-22
Calculate 36 + -14 + 9 + -35 - (33 + 1).
-38
What is 37 + (25 - (17 - 1 - 4) - 2)?
48
What is 43 - (35 - 3) - 25?
-14
What is the value of 15 - (-16 - -57 - (-1 - 6))?
-33
50 + -39 + (-85 - -37)
-37
What is the value of (2592 - 2612) + 59 + (-6 - -3)?
36
What is -7 + 16 + 15 + -34 + 5 + -2?
-7
-6 - (5 + -1 + -9 + 7 + -17 + 0)
9
Evaluate -28 + (-1 + 3 - (-18 + -7 + 16)) + -9.
-26
Calculate 46 - 100 - 55 - -61.
-48
27 + (-10 - -29) + -46 + 147
147
What is the value of -7 + 2 - -29 - (-17 - -3 - -8 - -6)?
24
Calculate (0 - -16) + (87 + -45 - 111).
-53
Evaluate 1 - -8 - (-4 - ((12 - 5) + (0 - 2))).
18
Calculate (-1 - (11 + -52) - (33 + -33)) + 12.
52
8 + (7 + -6 + -2 + (-5 - -14) - -14)
30
Calculate -29 - (-13 + -20) - -27 - 9.
22
34 + -1 + -6 - (0 + (9 - 4))
22
What is (6 - (2 - 2)) + 46 + (-8 - (-17 - -7))?
54
Calculate (-74 - (37 + -48) - (-19 - -3)) + -9.
-56
What is (-10 - 8 - -4) + -26 + 15 - 1?
-26
What is -91 + -38 + 91 + 6?
-32
Calculate -15 - (-83 - (-5 + 10 - -13 - 16)).
70
What is 3 - (0 - 78) - (-34 + -10 - -49)?
76
Evaluate -36 - (-1 + 10 + (118 - 138) - -5).
-30
What is the value of 4610 - 4617 - (-37 + 0)?
30
58 + -8 + 359 + -371
38
Evaluate 3 + (-40 - -38) + 27.
28
-55 + (71 - 33 - -26)
9
-12 - (35 - 20 - (-42 + (8 - 13)))
-74
Evaluate -8 + -6 + (12 + 10 + -20 - -6).
-6
What is the value of -50 - (-17 + (-55 - -26))?
-4
Calculate 17 - (-42 + 19) - (105 + -89).
24
What is the value of -88 - (-44 - (57 - 47))?
-34
What is 6 - (-1 + 0) - (66 - (191 - 146))?
-14
Evaluate (-83 + 175 - 81) + 79.
90
3425 + -3475 - (-1 - 93)
44
Calculate -292 + 180 - ((-39 - -3) + 8).
-84
What is 30 + 3 - (30 - 37 - 0)?
40
What is the value of 16 + 3 + (-97 - -6) + 17?
-55
Evaluate (-31 - (-44 - -4)) + -49.
-40
Evaluate -1 + (-13 - -12 - (30 - 14)) - -114.
96
Evaluate (9 - 7 - (-1 + 1)) + -199 + 197.
0
Evaluate (-85 + -54 - (-54 + 32)) + 1 + 12.
-104
Calculate 1 + 0 + 0 - -5 - (-6 - -9) - -47.
50
Calculate (4 - (0 + 4 + -2 + (35 - 22))) + 1.
-10
Evaluate (0 - -2) + 15 + (-3 - 10 - -44).
48
Evaluate 3 + (7 - -4) + (15 - 10).
19
-7 + 35 + (-7 - (32 - 29))
18
Evaluate (1824 - 1830) + -1 + 31.
24
What is 138 - (-100 + 6 + 178)?
54
What is -8 - (-10 + -15 + 12 + (-74 + 2 - 1))?
78
What is -62 + (200 + -194 - (-2 + -3))?
-51
What is the value of (4 - -8 - 6 - -6) + 0 + 0 + 7?
19
Calculate 10 - ((21 - 46) + (-2 - -6)).
31
-51 + (-88 - -44) + 102
7
Calculate -136 + (-51 - (110 + -208)).
-89
Evaluate (2 - (-65 - -34)) + -3 - 63.
-33
What is (-83 - -68) + (-2 - (-4 + (5 - -1) - 130))?
111
14 + (3 - (11 + -9)) - 35
-20
-27 - (9 - -2 - (-22 - 0 - -33) - 5)
-22
What is the value of -5 - (1 + -1) - (-59 - (-65 - 19))?
-30
What is the value of -24 - (-26 - -18 - -12)?
-28
Calculate 36 + 8 + -1469 + 1389.
-36
What is -55 - (-2 - (-15 - 5) - 38)?
-35
What is (11 - (7 - (6 + 11))) + -2?
19
What is 34 + (-116 - (75 + -115))?
-42
Calculate 10 + -5 + 3 - (-331 - -298).
41
What is 51 + -9 + (-3 - 1) - -6?
44
(53 - (78 + -102)) + 36
113
(-147 - -5) + -10 + 241 + -233
-144
What is -15 + -21 + 56 - (-1 + -7) - (6 - 1)?
23
-80 - (-39 - -10) - -26
-25
What is the value of -28 + -1 + (-314 - -336) + 2 + 7 + 78?
80
What is -6 - (3 - -118) - ((30 - 25) + -20)?
-112
Calculate (-1 - 68) + (15 - 6) + -3 + -6 + 15.
-54
What is the value of -64 - ((-12 - 9) + -30)?
-13
What is (40 - 42) + (4 - -119) - (30 + -21)?
112
Evaluate (6629 - 6734) + (49 - 0).
-56
Calculate (22 - (0 - 0)) + (21 + -41 - (1 + -25)).
26
What is the value of -2 + 0 + (3 - (-15 + (-10 - -16) + 15))?
-5
Calculate -74 - (-1 + -1) - (70 + 44 + -128).
-58
Evaluate (-4 - 17) + 7 + (47 - 67).
-34
What is the value of (-4 - 10) + (-36 - (-17 - 2))?
-31
What is the value of 0 + (-87 - -